llions digit of 3867386160?
7
What is the hundreds digit of 3187583489?
4
What is the hundred thousands digit of 372286935?
2
What is the hundred millions digit of 153091197?
1
What is the tens digit of 59659347?
4
What is the tens digit of 316966915?
1
What is the millions digit of 321565904?
1
What is the hundred thousands digit of 3747287194?
2
What is the hundreds digit of 1773628932?
9
What is the hundred millions digit of 998542975?
9
What is the units digit of 925785950?
0
What is the ten millions digit of 278041995?
7
What is the ten thousands digit of 2725774857?
7
What is the hundreds digit of 3648288488?
4
What is the tens digit of 375234785?
8
What is the billions digit of 1419297794?
1
What is the ten millions digit of 62446524?
6
What is the tens digit of 542783851?
5
What is the millions digit of 5184470084?
4
What is the hundred millions digit of 362851682?
3
What is the units digit of 237205324?
4
What is the hundred millions digit of 421556881?
4
What is the tens digit of 488347686?
8
What is the hundreds digit of 1114618849?
8
What is the hundred thousands digit of 872451992?
4
What is the hundreds digit of 3264369234?
2
What is the ten thousands digit of 31937866?
3
What is the thousands digit of 12560759?
0
What is the hundreds digit of 105864984?
9
What is the billions digit of 1803878336?
1
What is the tens digit of 677968274?
7
What is the hundred thousands digit of 232139473?
1
What is the hundred thousands digit of 8649670?
6
What is the ten millions digit of 394648641?
9
What is the ten millions digit of 2739336843?
3
What is the thousands digit of 346167077?
7
What is the ten millions digit of 233474530?
3
What is the hundred thousands digit of 877278?
8
What is the ten millions digit of 123722475?
2
What is the millions digit of 209688059?
9
What is the millions digit of 1781342693?
1
What is the hundred thousands digit of 1074128953?
1
What is the hundred thousands digit of 54950239?
9
What is the hundreds digit of 855934198?
1
What is the thousands digit of 155361754?
1
What is the hundreds digit of 3347097671?
6
What is the tens digit of 35586738?
3
What is the ten thousands digit of 6275095419?
9
What is the hundred thousands digit of 162299718?
2
What is the ten millions digit of 94913064?
9
What is the millions digit of 1162780423?
2
What is the hundreds digit of 64805452?
4
What is the ten millions digit of 2456130320?
5
What is the thousands digit of 6941273109?
3
What is the ten thousands digit of 74169900?
6
What is the tens digit of 115826916?
1
What is the millions digit of 52837978?
2
What is the hundred thousands digit of 40591235?
5
What is the hundreds digit of 3421289283?
2
What is the ten millions digit of 147292983?
4
What is the hundreds digit of 1332099483?
4
What is the hundred millions digit of 1577065689?
5
What is the billions digit of 5311413132?
5
What is the millions digit of 42783663?
2
What is the tens digit of 218557568?
6
What is the millions digit of 1279524351?
9
What is the thousands digit of 636756752?
6
What is the millions digit of 38680910?
8
What is the hundred millions digit of 503097040?
5
What is the hundred thousands digit of 37352855?
3
What is the billions digit of 1448830047?
1
What is the hundred thousands digit of 1068898471?
8
What is the millions digit of 20791442?
0
What is the units digit of 50955996?
6
What is the thousands digit of 238938614?
8
What is the ten millions digit of 557443448?
5
What is the ten thousands digit of 549722647?
2
What is the billions digit of 7211969952?
7
What is the tens digit of 12644823?
2
What is the units digit of 26619787?
7
What is the ten millions digit of 546341888?
4
What is the hundred thousands digit of 1016744881?
7
What is the units digit of 4280838462?
2
What is the thousands digit of 110178436?
8
What is the millions digit of 2558287640?
8
What is the millions digit of 928125920?
8
What is the units digit of 84806850?
0
What is the thousands digit of 187341650?
1
What is the hundred thousands digit of 25892455?
8
What is the hundred millions digit of 4937333294?
9
What is the hundred thousands digit of 21782148?
7
What is the thousands digit of 130179067?
9
What is the ten millions digit of 3292460305?
9
What is the units digit of 309716857?
7
What is the hundred millions digit of 1534032984?
5
What is the ten millions digit of 2823936893?
2
What is the tens digit of 2010645588?
8
What is the tens digit of 42682395?
9
What is the units digit of 97447894?
4
What is the ten millions digit of 322684722?
2
What is the hundred thousands digit of 110261983?
2
What is the tens digit of 11161237?
3
What is the ten thousands digit of 3262746?
6
What is the ten millions digit of 1540181611?
4
What is the thousands digit of 372093858?
3
What is the hundred millions digit of 113262882?
1
What is the hundreds digit of 417928177?
1
What is the units digit of 222261696?
6
What is the hundred thousands digit of 610599202?
5
What is the hundreds digit of 224768413?
4
What is the tens digit of 30181628?
2
What is the hundred millions digit of 1372646705?
3
What is the tens digit of 1518514850?
5
What is the units digit of 461795819?
9
What is the tens digit of 31825742?
4
What is the millions digit of 1193722?
1
What is the hundred millions digit of 3208869677?
2
What is the tens digit of 5080003755?
5
What is the thousands digit of 89786017?
6
What is the tens digit of 116396401?
0
What is the thousands digit of 47894825?
4
What is the tens digit of 586786275?
7
What is the thousands digit of 28381561?
1
What is the hundred millions digit of 469317435?
4
What is the hundred thousands digit of 5655806324?
8
What is the ten thousands digit of 479948051?
4
What is the millions digit of 84498388?
4
What is the hundreds digit of 136520565?
5
What is the units digit of 113313881?
1
What is the millions digit of 488677988?
8
What is the units digit of 184843076?
6
What is the tens digit of 1235958983?
8
What is the tens digit of 844353504?
0
What is the millions digit of 32778176?
2
What is the ten millions digit of 311145735?
1
What is the tens digit of 473958451?
5
What is the hundreds digit of 3205578519?
5
What is the ten millions digit of 40152311?
4
What is the ten millions digit of 620122473?
2
What is the tens digit of 4476030689?
8
What is the billions digit of 2047210591?
2
What is the thousands digit of 19392900?
2
What is the hundred thousands digit of 55059145?
0
What is the tens digit of 905747477?
7
What is the tens digit of 183196332?
3
What is the hundred millions digit of 162064339?
1
What is the units digit of 255742774?
4
What is the millions digit of 243227699?
3
What is the hundreds digit of 4922432455?
4
What is the ten thousands digit of 1485847574?
4
What is the tens digit of 78522919?
1
What is the tens digit of 238446834?
3
What is the hundreds digit of 44658830?
8
What is the units digit of 18483462?
2
What is the units digit of 23451350?
0
What is the ten thousands digit of 2265898825?
9
What is the tens digit of 349550978?
7
What is the tens digit of 141266509?
0
What is the millions digit of 626391084?
6
What is the hundred millions digit of 2246399949?
2
What is the units digit of 216713239?
9
What is the units digit of 46354876?
6
What is the tens digit of 2012655371?
7
What is the units digit of 2650074804?
4
What is the millions digit of 79095854?
9
What is the millions digit of 84090605?
4
What is the hundreds digit of 652917648?
6
What is the hundred thousands digit of 1062094755?
0
What is the hundred thousands digit of 393929259?
9
What is the thousands digit of 576359689?
9
What is the hundred thousands digit of 38343314?
3
What is the units digit of 97694263?
3
What is the units digit of 6220807?
7
What is the ten millions digit of 2870429819?
7
What is the hundreds digit of 4174746?
7
What is the hundred thousands digit of 5703317697?
3
What is the hundreds digit of 399448217?
2
What is the billions digit of 3778381458?
3
What is the ten thousands digit of 2726811848?
1
What is the thousands digit of 2459728116?
8
What is the units digit of 86519328?
8
What is the hundred millions digit of 250643302?
2
What is the hundred millions digit of 5812022105?
8
What is the hundred thousands digit of 32849